pose 6*o - 11 = 13. Suppose 0*b + b + 2 = -2*v, -56 = 4*b - o*v. Let q = 24 + b. Is q a multiple of 14?
True
Let z(j) = 2*j**3 + 7*j**2 + 5*j + 16. Is z(7) a multiple of 12?
True
Suppose -v + 51 = k, 5*v - 5*k - 323 + 68 = 0. Is v a multiple of 48?
False
Is 23 a factor of 1/12 + 688844/624?
True
Let s(i) = i**3 + 13*i**2 + i + 46. Is s(-13) a multiple of 33?
True
Let u be 4/8*-2 + 3 + 204. Let n = u - 125. Does 8 divide n?
False
Let g = 110 + -34. Is 25 a factor of (2/8)/(4/(-16)) + g?
True
Suppose 0 = -28*c + 10132 + 4484. Does 9 divide c?
True
Suppose t - b + 4*b = 511, -4*b = 4. Suppose -3*q = -290 - t. Does 9 divide q?
False
Let h = 80 - 134. Let l be ((-52)/(-12))/((-3)/h). Let z = l + -48. Is z a multiple of 18?
False
Does 156 divide (-275198)/(-84) - 2/12?
True
Suppose 58*y = 80*y - 60720. Is y a multiple of 60?
True
Suppose -11*s - 462 = -14*s. Is 7 a factor of s?
True
Let i(a) = 6*a**2 - 7*a - 14. Suppose 0 = 2*y - 5 + 13. Does 36 divide i(y)?
False
Suppose 15 = -n + 4*n. Let b = n + 40. Does 15 divide b?
True
Let a be -2*2 + 24 + -7. Suppose -a*p + 8*p = -15. Suppose 5*r - p - 282 = 0. Is 21 a factor of r?
False
Let v(m) = -31*m**3 - m**2 + 3*m + 3. Let f = -12 + 10. Is 20 a factor of v(f)?
False
Let p be (-91)/7 + 0 + -1. Let x = 17 + p. Suppose -2*v - 36 = -x*v. Is v a multiple of 28?
False
Suppose -9*z + 20 = -4*z. Let w = -10 - z. Is 7 a factor of (-432)/w - (-5)/35?
False
Let g(o) = -2*o**3 - o**2 + o + 1. Let j be g(-1). Let m be (-2 - 0 - 8) + j. Let w(r) = -r - 3. Does 6 divide w(m)?
True
Suppose -2*t - 3*t + 85 = 0. Suppose -6*c + 19 + 5 = 0. Let d = t - c. Is 5 a factor of d?
False
Suppose -g + 3*w + 2*w = -3, -4*g - w = 9. Does 10 divide (6/(-12))/(g + (-159)/(-80))?
True
Let r(q) be the first derivative of -4*q**2 + q + 24. Suppose 2*u = -0*u + 2*h - 6, -5*h = 4*u - 6. Is r(u) a multiple of 3?
True
Suppose -m - 546 - 162 = -y, -2*m + 2149 = 3*y. Is 31 a factor of y?
True
Let j = -15 - -15. Suppose j = -2*t - 3 + 363. Suppose 155 = 5*b - t. Is b a multiple of 27?
False
Suppose -15451 = -5*x + z, -38*z = -3*x - 40*z + 9268. Is x a multiple of 30?
True
Let r be 1052/20 - 2/(-5). Suppose -4*b + r = -19. Is 9 a factor of b?
True
Let p(n) = 18*n**2 - 19*n - 2. Is p(-3) a multiple of 32?
False
Let k(h) = 22*h**2 - 1. Suppose -2*v - 3 = 3*b, -b - 3*b + 2*v = 4. Does 9 divide k(b)?
False
Let i = 23 + -19. Suppose 32 = -0*h + 2*h. Suppose h = i*p - 104. Is 7 a factor of p?
False
Let f(p) = -304*p**3 - 2*p**2 + 2*p + 2. Does 6 divide f(-1)?
False
Suppose 1 = -5*i - 14. Let h be i*(5 - 4 - 2). Suppose 0 = s - h*s + 16. Is 2 a factor of s?
True
Suppose 0 = 5*p + 3*w - 578, 6*p + 5*w = 2*p + 465. Does 23 divide p?
True
Suppose -w - 4 = 0, -3*v + 7*w + 1931 = 2*w. Is v a multiple of 29?
False
Let m = -324 - -484. Suppose 5*l + m = 7*l. Suppose 8*i = 3*i + l. Is i a multiple of 4?
True
Let q be (-20)/(-6)*42/35. Suppose -c + 256 = q*i + c, 0 = -4*c. Suppose -i = -2*a + 4*w, -1 = -5*w - 21. Is a a multiple of 12?
True
Suppose 621 = 2*q - 739. Suppose q = 50*j - 42*j. Is 14 a factor of j?
False
Suppose -5*o = -5631 - 12669. Is 20 a factor of o?
True
Let s = 3 + -4. Let b be s/2 - (-33)/2. Suppose 0 = -2*r - 3*f + 42, 2*r - 5*f - b = 10. Is r a multiple of 9?
True
Let t(b) = b**3 - 3*b + 165. Is 33 a factor of t(0)?
True
Suppose -2226 = -47*t + 45*t - 2*c, 3*t - 2*c - 3339 = 0. Is t a multiple of 53?
True
Let l = 3220 + -1588. Is l a multiple of 8?
True
Suppose 5*b - 243 = -3*n - 0*b, 3*n + 3*b - 237 = 0. Let l = 16 + -16. Suppose l*u = 4*u - n. Is 5 a factor of u?
False
Let r(g) = g**2 + 12*g + 11. Does 3 divide r(0)?
False
Suppose 8*c - 3*c + 5*p - 5085 = 0, 4050 = 4*c - 5*p. Does 94 divide c?
False
Let v be (4 - 7 - 0) + 7. Suppose v*f + w = 180, -f + 3*w + 32 = -0*f. Let d = 104 - f. Does 15 divide d?
True
Suppose -4*f + 8 = -2*z, 0*z + 12 = 3*z + 2*f. Suppose 2*u = -6 + z. Let h(m) = -2*m**3 + 4. Is h(u) a multiple of 8?
False
Let f(a) = -a + 19. Let j(b) = -6*b + 96. Let p(v) = 11*f(v) - 2*j(v). Does 11 divide p(7)?
False
Let s(k) = k**3 - 13*k**2 + 16*k - 13. Let v(j) = 12*j**2 - j. Let t be v(-1). Is s(t) a multiple of 44?
False
Let q = -8 + 15. Suppose -43 = -q*x + 6*x. Does 15 divide x?
False
Suppose -3*b + 2*l = -2 - 10, -3*b + 15 = -3*l. Suppose b*c = -0*c + 64. Is c a multiple of 5?
False
Suppose -6860 - 28516 = -16*r. Is r a multiple of 72?
False
Let c be (6/4)/((-6)/(-12)). Let f = c - 1. Suppose f*j - 3*d = 37, -j + 5*d + 16 = -6. Is j a multiple of 11?
False
Does 25 divide (-1)/(((-25)/(-430))/(-5))?
False
Suppose -2*g - 26 = 4*z + 14, -3*g - 12 = 0. Is 0 + 6/z + (-7275)/(-100) a multiple of 9?
True
Let p(j) be the second derivative of -j**5/20 + 5*j**4/12 + 3*j**3/2 - 5*j**2 - 3*j. Let o be p(7). Let l = -31 - o. Is 14 a factor of l?
True
Let i = -75 - -136. Suppose 3*p - w = -2*w + 65, 3*p + 5*w - i = 0. Does 11 divide p?
True
Suppose 0 = -5*n + 4*q + 26, 0 = 3*q - 0*q + 12. Let a = -19 + 21. Suppose 3*s = -n*p + 47, 5*p - 109 = -a*s + 3*s. Is p a multiple of 3?
False
Let v(i) = 5*i + 13. Let k(q) = -1. Let g(s) = 5*k(s) - v(s). Is g(-7) a multiple of 2?
False
Suppose -j = 2*j + 12. Suppose -2*n + g + 25 = 7, 0 = 3*n - 3*g - 21. Let w = j + n. Is 4 a factor of w?
False
Let q = -1257 - -1373. Is q a multiple of 4?
True
Is 13 a factor of (190/40 + 5)/(6/416)?
True
Let x(q) = -11*q**3 - 9*q**2 + 3*q - 8. Let h(a) = -10*a**3 - 8*a**2 + 3*a - 7. Let u(v) = -6*h(v) + 5*x(v). Does 11 divide u(2)?
False
Suppose -4*k - 7243 - 2805 = -6*u, 2*u - 3341 = 3*k. Is 40 a factor of u?
False
Let p(a) be the second derivative of a**5/20 + a**4/12 - a**2 + a. Let m be p(2). Let q = 3 + m. Does 4 divide q?
False
Suppose -2016 = -190*b + 186*b. Is b a multiple of 11?
False
Let w = 1950 - 1110. Is w a multiple of 14?
True
Let k(o) = -2*o + 4. Let c be k(0). Suppose c*t - 374 = -54. Is 9 a factor of t?
False
Suppose -2*t - 2*i + 258 = -0*i, 2*i - 10 = 0. Is 16 a factor of t?
False
Let v(z) = 2 - 10*z - 4*z - 5*z. Suppose -3*l - 2 = q, 4*q - 2 = 2*l - 10. Does 15 divide v(q)?
False
Let v be 4/(-12) + (-13)/(-3). Let s be v/(-3)*(-7 - 2). Suppose 0 = 2*j - 0*j - s. Is j a multiple of 2?
True
Let b(v) = 4*v**2 - v - 2. Let g be b(-1). Suppose 0 = 5*p - g*m - 996, 2*p - 402 = -0*p + 3*m. Is p a multiple of 14?
False
Let l(j) = -j**3 + 8*j**2 + 4. Let p be l(8). Suppose 3*q = -p*f + 341, 113 = -2*q + 3*q + 2*f. Let n = q - 70. Does 15 divide n?
True
Suppose -4*y + 9*h - 13*h + 2980 = 0, 2*y - h - 1505 = 0. Does 50 divide y?
True
Let m(h) = h**3 - 13*h**2 + 75*h + 28. Is 26 a factor of m(14)?
True
Suppose 2*t + t - 54 = 0. Suppose -30 = 3*v - 6*v. Suppose -v = -b + t. Is 9 a factor of b?
False
Let j(o) = -o**2 + 15*o - 15. Let k be j(11). Let t = k + -26. Is 5 + 12 + t*-1 a multiple of 2?
True
Suppose -2*r - 260 = -12*r. Let x = r + 4. Is 15 a factor of x?
True
Suppose 0*x + 5*s + 380 = 4*x, 0 = -5*s. Is x a multiple of 17?
False
Let a = -4 + 9. Let o(t) = t**2 - 2*t - 13. Is o(a) a multiple of 2?
True
Let a = -4 + -4. Let t = a + 33. Suppose -26 - t = -y. Is y a multiple of 10?
False
Does 2 divide (-910)/150*-32 - 2/15?
True
Let s = 15 + -14. Let q be 904/(s*(-1 - -2)). Is 8 a factor of 2/(-14) + q/56?
True
Suppose 5*m = 5*r - 3925, 818 + 767 = 2*r - 5*m. Is 65 a factor of r?
True
Suppose 4*a = -4*b + 4, 5*a + 5 = -b - 6. Let y(p) = 2*p**2 - 7*p + 4. Let d be y(b). Suppose 7*h - d*h = -11. Does 6 divide h?
False
Is ((-704)/20)/((-28)/210) a multiple of 22?
True
Suppose -3 = -y + v, 8 = 4*y - 2*v - 8. Suppose -3*o = 2*o - y*t - 185, 2*o - 80 = -t. Let k = -11 + o. Is 14 a factor of k?
True
Suppose f + 4290 = 16*f. Does 11 divide f?
True
Let a = -32 + 37. Suppose a*b + 5*w = 715, -323 = -2*b + 2*w - 49. Is 11 a factor of b?
False
Is 6 a factor of (10 - (-17 + 11))/(1/13)?
False
Let a(m) = m**3 + 4*m**2 + 2*m + 2. Let j be a(-3). Suppose 3*s = j*i - 8*i + 873, 12 = 4*s. Does 36 divide i?
True
Let n(m) = 2*m**2 + 5*m + 6. Suppose 4*c + 40 = 20. Is 31 a factor of n(c)?
True
Suppose 2 = y - 3*h + 12, 3*h = 12. Suppose -y*t - t + 6 = 0. Suppose 4*o - 138 = -t*w, -w - 2*w = 2*o - 67. Does 7 divide o?
True
Let d = -488 - -749. Does 53 divide d?
False
Suppose -35210 = -42*k + 7*k. Is k a multiple of 12?
False
Let h(n) = -3*n - 7. Let w be h(-3). Suppose -